= 4*f + r - 111, -2*f + 3*f - g*r - 15 = 0. Suppose -5*x = -5 - 85. What is the highest common divisor of f and x?
9
Let p = -46 - -82. Calculate the greatest common factor of p and 4.
4
Let w = -17 + 19. Suppose w = c - 10. Let s be 50/8 + 2/(-8). What is the greatest common divisor of s and c?
6
Suppose 0 = 5*g - 2*g + 3*w + 3, -3*g = -w - 13. Suppose b - 19 = g. What is the highest common divisor of b and 55?
11
Let l = 28 + 71. Suppose -d - l = -2*r, 0 = 2*r + 2*r + 5*d - 177. Let k = 12 - 6. Calculate the greatest common factor of k and r.
6
Let n(s) = -s + 28. Let m be n(0). Calculate the highest common divisor of 4 and m.
4
Suppose -146 = -5*r + 79. Let c(s) = 9*s - 6. Let x be c(4). Calculate the greatest common factor of r and x.
15
Suppose -112 = -3*a + 8. Suppose -8 = 2*x - 4*x. What is the highest common divisor of a and x?
4
Let j = 14 + -6. Let d = -47 + 71. What is the greatest common divisor of d and j?
8
Let o = -33 + 17. Suppose 3*r - 104 = 4*c - r, 4*c + 140 = -5*r. Let b = o - c. Calculate the highest common divisor of 14 and b.
14
Let l be (0 + 1)*(18 - -12). What is the highest common divisor of l and 6?
6
Let q be 4/2 + 1 + 0. Let x be (5/(-6))/(q/(-18)). Suppose -2*h + x*b + 73 = -60, 5*h = -b + 319. Calculate the greatest common factor of 8 and h.
8
Suppose 2*z + 39 = 5*z. Calculate the highest common divisor of z and 26.
13
Suppose 5*z - 6 = 2*c - 3*c, -2*z - 3*c = -5. Suppose -24 = i - 0*i. Let v = -15 - i. What is the greatest common factor of v and z?
1
Let z = -48 + 103. Let l = -1 - -6. Suppose -3*b + l*u + 22 = -1, -6 = -3*u. What is the greatest common divisor of b and z?
11
Let d(b) be the first derivative of -b**3/3 + 4*b**2 + 3*b + 3. Let n be d(8). Calculate the highest common factor of 1 and n.
1
Let o(s) = 1 + 5*s - 2*s + 3*s. Let g be o(1). Calculate the greatest common divisor of 28 and g.
7
Let s be (-185)/3 - 2/6. Let d = 42 - s. What is the highest common divisor of d and 13?
13
Let u = -14 + 32. Suppose 4*z - 4*d - 88 = 100, 2*z + 5*d - 80 = 0. What is the greatest common factor of z and u?
9
Let c(q) = -q**2 + 7*q. Let y be c(3). Let o be (-90)/y + (-1)/(-2). Let i(g) = -g**2 - 10*g - 7. Let l be i(o). What is the highest common factor of l and 7?
7
Let f be 6/(-8)*900/(-15). Calculate the greatest common divisor of f and 18.
9
Suppose 4*d - 54 = -5*w + 9, 5*d + 3*w = 69. Suppose -3*j + d = 5*c, 5 = c + j + 1. Suppose -4*b = -c*b - 120. What is the greatest common factor of b and 10?
10
Let z be 1*-4*(-16 - -3). Let j be -6*(-10 + (-5 - -2)). What is the greatest common divisor of j and z?
26
Suppose 2*b - b - 5*d - 57 = 0, 0 = 3*b - 3*d - 207. What is the highest common factor of 8 and b?
8
Let z(h) = 3*h**2 + 1. Let l(b) = -6*b**2 - 2. Let w(a) = 6*l(a) + 13*z(a). Let c be w(3). Calculate the greatest common divisor of c and 7.
7
Let t = 28 - 18. Suppose 98 = 3*o - 142. What is the greatest common divisor of t and o?
10
Let m(h) be the second derivative of h**5/5 - h**4/3 + h**3/6 + h**2/2 + 3*h. Let a be m(3). Calculate the highest common divisor of a and 19.
19
Suppose 8 - 48 = -2*y. What is the highest common divisor of y and 20?
20
Let t(s) = 3*s + 11 + 0*s + 9*s**2 + s. Let g be t(-5). What is the highest common factor of g and 24?
24
Let n be -40*(2 - (-108)/(-10)). Calculate the greatest common divisor of 32 and n.
32
Suppose 4*k + 4 = 3*k + 5*m, -85 = -5*k + 4*m. Let i be (-60)/(-3)*42/5. Calculate the highest common factor of k and i.
21
Let q = -15 - -18. Calculate the greatest common factor of 27 and q.
3
Let k be -82 - 0/((-8)/4). Let u = 159 + k. What is the highest common factor of u and 11?
11
Suppose 50 = 2*m - 6. What is the highest common divisor of 4 and m?
4
Let r be 72/20 + 10/25. Let c be (-1)/((-19)/10 + 2). Let q be (8/c)/((-1)/5). What is the highest common factor of q and r?
4
Suppose q - 2*q = -7. Suppose -f - 3*f = -84. What is the highest common divisor of q and f?
7
Let w be ((-20)/(-6) - 2)*15. Suppose -w = 5*f, -11 = -g + 2*f - 1. Suppose 0 = 3*o - g*o - 12. What is the highest common divisor of o and 4?
4
Let s(o) = -o**2 - 8*o - 8. Suppose 4*l + 0*l - 4*j = -24, -4*j - 6 = l. Let r be s(l). Calculate the highest common factor of r and 28.
4
Let z(c) = 10*c - 9. Let k be z(6). Let g be (60/8 + 1)*(-3 - -5). What is the greatest common divisor of k and g?
17
Let s be ((-6)/4 + 3)*6. Suppose 3*p + 452 = 2*y, 5*y - 132 = 5*p + 993. Let h be y/5 + 8/20. Calculate the highest common divisor of h and s.
9
Let v(f) = -10*f - 26. Let n be v(-11). Calculate the greatest common factor of n and 12.
12
Let a(i) be the first derivative of -4*i**3/3 + 5*i**2/2 - 4*i - 2. Let u be a(3). Let h = -11 - u. Calculate the greatest common factor of h and 35.
7
Suppose -7*s + 433 = 13. Calculate the greatest common divisor of 240 and s.
60
Let b = -4 + 13. Let v(p) = p**3 + 3*p**2 + 3*p + 3. Let c be v(-3). Let l be 2/c - (-30)/b. What is the greatest common factor of l and 21?
3
Let m = 50 - 34. Calculate the highest common factor of 16 and m.
16
Suppose -3*w - w + 4 = 0, 2*g = w + 143. Let r(l) = 10*l - 1. Let u be r(1). Calculate the greatest common divisor of g and u.
9
Suppose 9 = -6*j + 3*j. Let w be -1 - j - 4 - -15. What is the greatest common factor of 65 and w?
13
Let b(s) = 3*s + 14. Let n be b(7). Let q = n + -15. Suppose 2*a + 3*a - 90 = -3*i, -5*a = 0. Calculate the highest common divisor of q and i.
10
Suppose 48 = -3*f + 5*f. Calculate the greatest common factor of 36 and f.
12
Let a be 45/(-2)*(-8)/12. Suppose -2*k = -a - 25. Calculate the highest common divisor of k and 120.
20
Let y be (42/(-6))/(1/(-2)). Let u = 74 + -32. Calculate the highest common divisor of y and u.
14
Suppose 26*b = 16*b + 260. Suppose -k = 3 - 16. Calculate the greatest common divisor of k and b.
13
Let x = 5 - 3. Let m(o) = 8*o + 1. Let v be m(x). What is the greatest common factor of v and 153?
17
Let t(m) = 48*m**2 - m + 1. Let x = -5 + 6. Let c be t(x). Calculate the greatest common divisor of 16 and c.
16
Let a = 8 - 6. Suppose 4*t - a*t = 0. Let h(d) = -d**3 + d**2 + 12. Let s be h(t). Calculate the highest common factor of s and 84.
12
Let f(t) = -8*t - 22. Let s be f(-10). Calculate the greatest common factor of 29 and s.
29
Let p(a) = -9*a**3 + a**2 - 2*a + 1. Let c be p(1). Let l = 10 - 14. Let u = l - c. What is the highest common factor of u and 55?
5
Suppose -2*v + 6*v = 0. Suppose 0 = f - x - 38, 3*f - x + 2*x - 114 = v. Calculate the greatest common factor of 19 and f.
19
Let r(s) = -29*s**3 + s**2 + 3*s + 1. Let t be r(-2). Suppose -5*y + 89 = -t. Suppose 46 + 34 = 5*l. Calculate the highest common factor of l and y.
16
Let f(q) = 0*q**2 + 11 + 11*q - q**2 + 0*q**2 - q. Let x be f(10). What is the highest common divisor of 33 and x?
11
Suppose -o + 0*g - 3*g + 18 = 0, -42 = -4*o + 3*g. What is the greatest common factor of 132 and o?
12
Let f(n) = -n**3 - 3*n + 12. Let k be f(0). Calculate the greatest common divisor of 48 and k.
12
Let n = 10 - -2. Let x = n - 2. Suppose 4*q = q + 75. What is the highest common factor of q and x?
5
Suppose -9 = 5*u + 1. Let f be ((u - 4)/(-3))/2. Suppose -2*t - 2*m = -22, -m = f - 3. Calculate the greatest common factor of 9 and t.
9
Let n(d) = -16*d**2 - 2 - d - 3 + 20*d**2. Let y be n(5). Calculate the highest common factor of 10 and y.
10
Let j = -7 + 9. Suppose -2*y - 2*t + j = -12, 27 = 5*y - 3*t. Calculate the highest common divisor of y and 42.
6
Let i(p) = -p**3 + 7*p**2 - 4*p + 2. Let b be i(6). Let x be b/4 + (-1)/(-2). Calculate the greatest common factor of 12 and x.
4
Let j be ((-16)/(-10) - 2)*-20. Suppose -4*w + j = -0*w. What is the greatest common factor of 6 and w?
2
Let b be (6 - 8)/(0 - 1). Suppose 0*i - 36 = -3*i. What is the highest common divisor of i and b?
2
Let v(c) = -c**3 - 9*c**2 - 2*c. Let a be v(-10). What is the highest common divisor of 12 and a?
12
Suppose -2*q = 4*d - 5*q - 92, 0 = 3*d + 2*q - 86. What is the greatest common factor of 156 and d?
26
Let a = -6 + 11. Suppose a*m - 7 - 18 = 0. What is the greatest common factor of m and 20?
5
Let o = 17 + -11. Calculate the highest common divisor of 12 and o.
6
Let g be 12/9*(-9)/2. Let z be (-2)/g*3 + -8. Let a(x) = -13*x. Let w be a(z). What is the greate